 be i - (-1 + 6/a). What is the highest common factor of 10 and l?
5
Suppose -88 = -4*x + y + y, -3*y = 3*x - 66. Suppose 3*l + 4*f - 27 = 0, 0*f = 2*l + 4*f - x. Calculate the greatest common divisor of l and 15.
5
Let g be (-4)/(-10) - 99/(-15). Let x(v) = 2*v**2 + 8*v - 8. Let n be 16*(5/2 + -3). Let s be x(n). What is the highest common factor of s and g?
7
Let d(t) = -t**3 + 15*t**2 - 5*t + 20. Let g be d(14). Let n = g + -68. Calculate the greatest common divisor of n and 26.
26
Suppose 5*z - z - 72 = -4*k, 2*z = -4*k + 70. Calculate the highest common factor of 34 and k.
17
Suppose l + 3*f = 8, 0 = -l + 4*f + 6 + 9. Let y(h) = 9*h**2 + 3*h + 3. Let q be y(-2). What is the greatest common factor of l and q?
11
Suppose 2*n - 7*n - 125 = 0. Let z = -12 - n. Let c(v) = -36*v - 1. Let g be c(-4). What is the highest common factor of g and z?
13
Let f = -29 - -41. Suppose -140 = -2*a - 5*d, -d + 36 = -2*a + 152. What is the greatest common factor of a and f?
12
Let y be 2 - 2 - 1*-2. Suppose -o - y*o = -30. Calculate the greatest common factor of o and 90.
10
Let n(b) = b**2 + 2*b. Let a be n(-4). Calculate the greatest common divisor of 1 and a.
1
Let d = 14 - 8. Let g(p) = 2*p - 8. Let j be g(6). Let m = j + 8. What is the greatest common factor of m and d?
6
Let l = -23 + 25. What is the highest common divisor of l and 16?
2
Let l(k) = k + 18. Let c be l(-6). What is the highest common factor of c and 132?
12
Suppose 192 + 64 = 8*v. Calculate the highest common factor of 4 and v.
4
Suppose o = 0, 0 = -r + 3*o - 0*o + 9. Let x be 8 + (-3 - -4)/1. Calculate the highest common divisor of r and x.
9
Let k = 65 + -51. What is the greatest common factor of k and 2?
2
Let u be (-38)/(((-3)/(-2))/(9/(-12))). Calculate the greatest common factor of u and 19.
19
Suppose -96 = -5*t - 6. Let a = t + 12. What is the greatest common divisor of 5 and a?
5
Let p(o) = 3*o**2 - 4*o + 5. Let h be p(2). Calculate the highest common divisor of h and 9.
9
Let c = 359 + -184. Suppose -2*f + f = a - c, a = -5*f + 891. Let z be f/3 + 2/6. Calculate the greatest common divisor of 24 and z.
12
Let r be 2/(0 - 1)*-10. Let u = r - 14. What is the highest common factor of 6 and u?
6
Let b be 30/8 - (-1)/8*-6. What is the highest common divisor of 3 and b?
3
Suppose -334 = -4*v + 194. What is the greatest common divisor of 12 and v?
12
Suppose -3*j - 4 = -j. Let t(p) = 27*p**2 + 4*p + 2. Let z be t(j). Let d = 12 - -5. What is the highest common divisor of d and z?
17
Suppose 9*y - 10*y + 110 = 0. Calculate the greatest common factor of y and 10.
10
Let i be 19*((-4)/2)/(-2). Suppose -k + 5*m + 18 = 0, k - 8 = -4*m + i. Calculate the greatest common divisor of 23 and k.
23
Let v(k) = -41*k + 2. Let n be v(-8). Calculate the highest common factor of n and 30.
30
Let p = -60 + 136. Let y(x) = 4*x**2 - x - 1. Let b be y(-4). Suppose b + p = z. What is the greatest common factor of z and 13?
13
Let z be (39/12)/(3/48). Suppose -44 + 5 = -3*b. What is the greatest common factor of z and b?
13
Let b = -13 + 23. What is the highest common divisor of b and 90?
10
Suppose -s + q = -6 + 2, 0 = -4*s + 3*q + 21. Let d = s + -2. Suppose 5*v - d = 3*p + 35, -5*p = -5*v + 40. What is the highest common divisor of v and 99?
9
Let q(l) = l**3 + 12*l**2 - 15*l - 22. Let z be q(-13). Calculate the greatest common divisor of 40 and z.
4
Let o(y) = 18*y + 2. Let s be o(4). Let v = s - 35. Suppose -2*d = -6*d + 52. Calculate the greatest common divisor of d and v.
13
Let g = 60 + -32. What is the greatest common factor of 28 and g?
28
Let o be (1 - 0) + -1 - -4. Suppose 2*i - 2 = o*i. Let r(l) = -34*l**3 + l**2. Let q be r(i). What is the greatest common divisor of q and 5?
5
Let m(z) = 7*z - 17. Let n be m(5). Let c(y) = 7*y + 3. Let k be c(6). Suppose 3*r = 2*r + k. Calculate the greatest common divisor of n and r.
9
Let i(p) be the first derivative of 1/3*p**3 + 1/2*p**2 + 2 + p. Let s be i(-4). Calculate the highest common factor of 104 and s.
13
Let i(p) = -3*p - 1. Let n be i(-2). What is the greatest common divisor of n and 10?
5
Let b = -106 - -150. What is the greatest common factor of 110 and b?
22
Let w be 122/5 + (-24)/(-40). Calculate the highest common divisor of w and 10.
5
Let z be (-2)/4*64/(-8)*4. What is the greatest common divisor of z and 320?
16
Suppose -2*h = -t - 6, -h + 2*h = 2*t. Let g(x) = -6*x - x**t + x**2 - x**2 + 7. Let j be g(-5). What is the highest common factor of j and 3?
3
Let f be (-15 - 3 - 0)*-2. Calculate the greatest common factor of 24 and f.
12
Suppose 3 = s, 4*o + 4*s - 6*s - 130 = 0. Let q = 160 + -75. Calculate the highest common factor of o and q.
17
Let s = -74 - -103. What is the highest common factor of 87 and s?
29
Suppose 12 = a + 4*m - 47, a - 57 = -5*m. Let i = a - 47. What is the highest common factor of 30 and i?
10
Let h be -15 + 11 + (0 - -14). What is the highest common factor of 130 and h?
10
Let r be 4 + -7 + 12 + -3. Calculate the greatest common divisor of r and 10.
2
Suppose -5*x + 5*i = 35, 4*x + 3*i + 26 = 5*i. Let j be 3/x*-2 + -2. Let h be 10 + -2 + (j - -2). What is the highest common divisor of 63 and h?
9
Let x(q) = -q**2 - 8*q - 4. Let v be 1/(-2) - (-13)/(-2). Let w be x(v). Suppose j - 6*t + 3*t = 15, 5*t - 10 = 0. What is the highest common factor of j and w?
3
Let z = 225 + -95. Let q = -16 - -68. What is the highest common divisor of q and z?
26
Let k = -2 + 4. Suppose 24 = 4*d - d. What is the greatest common divisor of k and d?
2
Suppose -b - 3*x + 68 = 3*b, -2*x = 5*b - 85. What is the highest common factor of b and 17?
17
Suppose 5*o - 26 = 104. Suppose 3*n - o = 25. Calculate the greatest common divisor of n and 17.
17
Let q = 177 - 111. Suppose -y + 0*y = -q. Calculate the highest common divisor of 6 and y.
6
Let f be (-1)/(((-3)/(-4))/(-3)). Suppose -b = -h, 0 = h + h - f. What is the greatest common factor of 14 and b?
2
Suppose 4*r = 115 + 29. Let s be -1 + 6 - (2 - 0). Suppose -s*j - 3 = -r. Calculate the greatest common factor of j and 33.
11
Let v(p) = -p**2 + p + 5. Let n be v(0). Let j = 8 - n. Suppose -70 = -3*y + 4*b, y - 6*y - j*b = -107. Calculate the highest common divisor of y and 198.
22
Let m = -20 - -30. Let n(i) be the second derivative of i**4/12 - 5*i**3/6 + 3*i**2 + i. Let t be n(-7). Calculate the highest common divisor of m and t.
10
Let t = -1 - -13. What is the highest common factor of 12 and t?
12
Let i = -29 + 114. Suppose 0 = -0*c - 4*c. Suppose c = -5*v + 2*o + 75, -2*o - 43 = -4*v + 3*o. Calculate the greatest common factor of v and i.
17
Suppose 3*l - 15 = -t, -2*t - 2*l = 2 - 12. Let i = t - -2. Suppose 0 = -4*w + w - 3*d - 6, 5*w - 4*d - 35 = 0. Calculate the highest common factor of i and w.
1
Let s be 14/(-6) + (-6)/9. Let h be (-1)/(((-9)/(-6))/s). Let k be 1 - h - (1 + -3). What is the highest common divisor of 5 and k?
1
Suppose 2*k - 5*q = -q + 80, 4*k - 220 = -4*q. Suppose -b + k = b. Suppose -2*h = 7*h - 45. Calculate the highest common divisor of h and b.
5
Let z(v) = -v**3 + 16*v**2 - 23*v - 28. Let s be z(14). Calculate the highest common factor of 63 and s.
21
Let q(m) = m**2 + 4*m + 2. Let j be q(-4). Let t = 8 + 2. Suppose -4*i + 22 = -t. What is the greatest common divisor of j and i?
2
Let k = 37 - 16. Suppose 6*i - 5*i + 2*s + 5 = 0, 2*i - 5*s = 26. What is the highest common factor of i and k?
3
Let m(a) = a**3 - 5*a**2 - a + 3. Let n be m(5). Let y be 39 + 1/n*8. What is the highest common divisor of 7 and y?
7
Suppose 51 + 36 = 2*l + g, 5*l - 3*g - 234 = 0. Let z = 2 - -7. What is the highest common factor of z and l?
9
Let o(q) = -q**2 - 10*q + 1. Let k be o(-5). What is the greatest common factor of 13 and k?
13
Let f be (2/4)/((-5)/160). Let t = f + 32. Calculate the highest common divisor of t and 8.
8
Let m = -8 + 3. Let l = 5 + -21. Let o = m - l. What is the highest common divisor of 22 and o?
11
Suppose 5*z = -2*v + 4*v - 150, 0 = 2*z. Calculate the greatest common divisor of 30 and v.
15
Let r(s) = s + 1. Let t be r(-1). Suppose t = 2*u - 6*u + 48. Calculate the highest common divisor of 3 and u.
3
Let c(l) = l**3 + 5*l**2 + 5. Let t be c(-5). Suppose -2*g = -3*g - p + 4, 2*p - 8 = g. Let b = g + 5. What is the highest common divisor of t and 